rime factors of 300/(-60)*(-1 - (1 - -355)).
3, 5, 7, 17
Let m = 18 + -18. Suppose -h + 11 = -y - 15, m = -3*y + 4*h - 76. List the prime factors of (y/(-7))/((-6)/(-69)).
2, 23
Suppose l + 48222 = 10*l + 5*j, -3*j = 4*l - 21432. What are the prime factors of l?
2, 3, 19, 47
Suppose 0 = -2*g + 38 + 92. Let y = 14 + g. What are the prime factors of y?
79
Let i(x) = -6*x**2 + 43*x + 141. Let g(s) = 2*s**2 - 14*s - 48. Let p(k) = -17*g(k) - 6*i(k). What are the prime factors of p(20)?
2, 5, 37
Let t be ((-124)/8)/((-2)/12). Suppose 3*z + 0*z = t. Suppose z = a - 20. What are the prime factors of a?
3, 17
List the prime factors of ((-4)/(-6) + 171624/(-288))/(10/(-80)).
2, 2381
Suppose -5*w - 2*s + 10 = -19, -3*s + 26 = 4*w. Suppose -2*d = 8, 2*d - 2707 = -w*r + 5*d. List the prime factors of r.
7, 11
Suppose 3*q + 21 = 0, 4*q - 44855 = -5*f + 19622. List the prime factors of f.
7, 19, 97
Let o(z) = 3*z**2 - 35*z + 30. What are the prime factors of o(38)?
2, 379
Let y(a) = a**3 + 13*a**2 - 14*a + 10. Let u be y(-14). Let w(s) = s + 128. What are the prime factors of w(u)?
2, 3, 23
Let s = 59743 + -1748. Suppose -45*r + s = 16190. List the prime factors of r.
929
Let p = -18258 - -26130. What are the prime factors of p?
2, 3, 41
Let o be ((-4)/(16/(-34)))/(4/232). Let v be o/153 - (-4)/(-18). What are the prime factors of (72/(-60))/(v/(-50))?
2, 5
Suppose 4*d + 15*y = 16*y, 4*d + 4*y = 0. Suppose 356*z - 363*z + 378 = d. What are the prime factors of z?
2, 3
Let q(n) = 6*n - 2. Let b = -8 - -9. Let f be q(b). What are the prime factors of 230/f + 4/(-8)?
3, 19
Let u(n) be the first derivative of 2*n**3/3 - 2*n**2 + 19*n + 7. Let t be u(11). Suppose -3*f + t + 20 = 0. What are the prime factors of f?
79
Let r(t) be the second derivative of -t**4/12 + 2*t**3 - t**2 - 14*t. Let n be r(8). Suppose m - n = -15. What are the prime factors of m?
3, 5
Suppose -10 = -2*t, 2*v + 8*t - 14343 = 7*t. List the prime factors of v.
67, 107
Suppose 5*u = g + 40698, 40689 = -16*u + 21*u + 2*g. What are the prime factors of u?
3, 2713
Suppose 4*k - 4*r = -1100, 5*k + 3*r + 1061 = -274. Let o = -192 - k. Suppose -2*q - 3*t = -130, -4*q + 4*t - o + 318 = 0. What are the prime factors of q?
2, 31
Let s(h) = h**3 - 11*h**2 + 12*h - 17. Let d be s(10). Suppose r = t - 5*t + 298, d*r - 886 = -4*t. What are the prime factors of r?
2, 3, 7
Let u be ((-6)/24)/(-1) - 57/(-12). Suppose -d + 145 = -u*w + 13, 3*d = 4*w + 352. List the prime factors of d.
2, 7
Let i(c) = -4*c**3 - 2*c**2 + c + 4. Suppose -12 = l - 3*l. Let q be (0 + -2 + 6)*l/(-8). What are the prime factors of i(q)?
7, 13
Suppose 9*w - 4*w + 110598 = 3*t, -6*t - 5*w = -221106. What are the prime factors of t?
2, 17, 271
Suppose -9*v - 27 = -0*v. Let p = 0 - v. List the prime factors of (4/p)/((-1)/(-18)).
2, 3
Suppose 135 = 4*b - 5*o, -3*b + 3*o + 64 = -41. Let n be (-24)/(-20)*3/(36/b). Suppose -n*c = 2*h - 1042, 5*c - 1063 = c + 5*h. List the prime factors of c.
2, 131
Let i be (50/15)/(12/(-54)). Suppose 95 = -3*v + 8*v. Let g = v - i. What are the prime factors of g?
2, 17
Let v(h) = -72*h**2 - h - 2. Let t be v(1). Let d = t - -87. What are the prime factors of d?
2, 3
Suppose 5*m + 0*m = 15. Suppose 2*l - 270 = -5*z, -m*z - l + 9 = -153. What are the prime factors of z?
2, 3
Let x(o) be the second derivative of o**2 + 1/6*o**4 - 36*o - 1/2*o**3 + 2/5*o**5 + 0. What are the prime factors of x(1)?
3
Let f(v) = -2*v**3 - 4*v**2 - 9*v + 198. What are the prime factors of f(-18)?
2, 3, 149
Let o be (12/10)/((-12)/(-30)) - -142. List the prime factors of o/45 + -3 - 14061/(-27).
521
Suppose 12*b + 15*b = -28*b + 449075. What are the prime factors of b?
5, 23, 71
Suppose 7*b + 2244 = -4*b. Let a = 128 - b. What are the prime factors of a?
2, 83
Let z = 83822 - 59085. List the prime factors of z.
29, 853
Suppose -2*y - 15 = -3*o - 4*y, 2*o - 10 = -y. Suppose 3*s = -x + 8*s + 9, o*s = -5. What are the prime factors of 2/x - (-296)/16?
19
Suppose -172*h - 187192 = -177*h - j, -5*h - 4*j + 187198 = 0. What are the prime factors of h?
2, 18719
Suppose -26320 = -3*r + 4*m, -2*m = -5*r + 3*r + 17548. Suppose 15*g - 5909 - r = 0. List the prime factors of g.
11, 89
Suppose 3*g + 5*w = 15109, g - 10060 = -g + 3*w. List the prime factors of g.
7, 719
List the prime factors of 1/((-2)/28)*((-234069)/(-6))/(-11).
7, 41, 173
Suppose 5*t - 55106 = -4*v, 41364 = 3*v - 17*t + 15*t. List the prime factors of v.
2, 1723
Suppose -27 = 5*y - 4*u, 0*y + 2*u + 9 = -5*y. Let o = 5 + y. Suppose -5*n - 2*z - 117 = -507, 0 = -2*n + o*z + 142. What are the prime factors of n?
2, 19
Suppose 0 = -9*x - x + 120. Suppose 5*p + 1897 = x*p. What are the prime factors of p?
271
Suppose 0 = 1818*m - 1773*m - 1663245. What are the prime factors of m?
23, 1607
Let x = 860 - 852. Suppose -882 = x*i - 8234. What are the prime factors of i?
919
Suppose -4 = -t - 14. Let m be (-2 - t/6) + 21/63. Suppose 4*c + 20 = 0, 3*z + m*c - 425 = c. List the prime factors of z.
2, 5, 7
Suppose 4508 + 2292 = 16*r. Suppose a = 322 + r. List the prime factors of a.
3, 83
Let n(u) be the third derivative of -7*u**2 + 0*u + 0 + 1/60*u**5 + 11/2*u**3 + 3/4*u**4. What are the prime factors of n(-17)?
2
What are the prime factors of -19 - -12 - -9 - -5570?
2, 7, 199
Let t(n) = 10*n**2 - 38*n + 940. List the prime factors of t(-29).
2, 3, 13, 67
Suppose -3*p + 18*w - 22*w + 4195 = 0, -p + 1381 = -3*w. List the prime factors of p/9 - 28/(-126).
5, 31
Let u be (16/(-20))/((-2)/(-55)). Let y = -22 - u. Let t = 21 + y. What are the prime factors of t?
3, 7
What are the prime factors of (-33474)/(225/18 - 14)?
2, 7, 797
Suppose -2*k + k = -581. Suppose p - 79 = -3*i + 495, p - 4*i = k. What are the prime factors of p?
577
Let z be (-347)/(-1*8/32). Suppose 4*l = z - 268. List the prime factors of l.
2, 5, 7
Let c be ((-6)/(-12))/(3/18). Suppose 1715 = 4*v - c*k - 3344, -6323 = -5*v + 3*k. Suppose -v = -2*b - 6*b. What are the prime factors of b?
2, 79
Let l = -19758 - -33613. List the prime factors of l.
5, 17, 163
Suppose 3*o = 9, -14*w + 10*w - o + 6807 = 0. Let m = 2570 - w. What are the prime factors of m?
11, 79
List the prime factors of (-24)/27*306/(-34) + 29687.
5, 5939
Suppose -8*m - 101 = 27. Let g = m + 21. List the prime factors of g.
5
Let t = -45798 + 68221. What are the prime factors of t?
17, 1319
Suppose -2*m + 0*r - 123 = r, -239 = 4*m - 5*r. Let i = 58 + m. What are the prime factors of 2/i - (-575)/3?
191
Let h(d) = -6*d - 2. Let w be h(-1). Let f(a) = -242*a + 2. Let m be f(-1). Suppose -4*k + m = -0*p + 4*p, w*p = -k + 67. What are the prime factors of k?
59
List the prime factors of -11 + 29 + 9562 - -17.
3, 7, 457
Let b(t) = 4*t**2 + 7*t - 11. Let w be b(5). Let g = 61 + w. What are the prime factors of g?
5, 37
Suppose -t + l + 1971 = 0, 2*t - 2787 - 1156 = l. List the prime factors of t.
2, 17, 29
Let u(x) be the third derivative of -x**5/60 + 5*x**4/3 - 4*x**2 + x. What are the prime factors of u(20)?
2, 5
Suppose 65 = 5*j - 4*v, -24 = -j + 79*v - 76*v. List the prime factors of (j - 2)/(2 + (-273)/140).
2, 5, 7
Suppose 2*i - 2*c + 6*c = 658, 5*i - 1624 = -3*c. Let l = 567 - i. What are the prime factors of l?
2, 61
Let h = -1 - -1. Suppose 13*v + 1231 = 10383. Suppose -6*g + 10*g - v = h. List the prime factors of g.
2, 11
Let t be (-1 - (-34)/(-6))*414/(-552). Suppose 3*w + 2*b + 690 - 1862 = 0, 0 = t*w + 4*b - 1950. List the prime factors of w.
2, 197
Suppose 3*f - 529 = -208. Let i = -498 + 501. Suppose 0 = 5*b + 2*q - f, 0 = -2*b - i*b + q + 119. List the prime factors of b.
23
Suppose -43*f + 944362 = -82994. What are the prime factors of f?
2, 3, 11, 181
Suppose -2*f = x - 1106, 0 = -2*f + 9*x - 6*x + 1098. List the prime factors of f.
2, 3, 23
Let x(p) = 76*p**2 - 92*p + 1572. List the prime factors of x(14).
2, 3, 5, 11, 23
Let x(d) = -26*d**3 + 8*d**2 - 3*d + 9. Let z be x(-4). Let s = z + -985. What are the prime factors of s?
2, 3, 23
Let c = 286 - -4545. List the prime factors of c.
4831
Let y(j) = j**3 + 5*j**2 + 4*j + 2. Let t be y(-4). Suppose 2*b = 26*r - 21*r - 23, 2*b = 3*r - 9. Suppose t*a - r*a + 505 = 0. What are the prime factors of a?
101
Let o(u) = 28*u - 5 - 65*u - u**2 + 31*u. Let d be o(-5). Suppose -3*v - 2*v + y + 414